 1.
58
Calculate 5 - (1 + -7) - ((26 - 27) + (-59 - 0)).
71
Evaluate -34 + 40 + -46 - -44.
4
What is the value of 46 + -9 + -16 + -4 - -16?
33
What is -274 + 263 + 1 + -4 + 2 - 65?
-77
What is (-8 - -48) + 356 + -354?
42
What is the value of 131 + -145 + -5 + 0 + (0 - (14 - 13))?
-20
What is 2 - ((2 - -50) + -90 + 60)?
-20
1 + -22 + (142 - (-12 - -50 - 31))
114
What is 76 - (-23 + -1) - (-14 + 24 - 9)?
99
What is the value of 3360 + -3332 - (64 - -1)?
-37
What is the value of 138 - (-3 - -17) - (4 - (-12 + 2 + -1))?
109
What is the value of 17 - 6 - -2 - (-212 + 225)?
0
Evaluate (-5 - (-8 + -6)) + (-14 - -1) + (-1 - 6).
-11
What is (-34 - -17) + (18 - -4) - -36 - 6?
35
Evaluate (-754 - -753) + (113 - -1) - -4.
117
What is 58 + (56 + -183 - -72)?
3
What is 56 + (-18 - -26 - 39) - 34?
-9
Evaluate -16 + -6 + 13 - 28.
-37
Calculate (2 - 4) + 5 - (-1191 + 1188).
6
Calculate -1 + -86 - (-70 + -34 + 146).
-129
18 + (-32 - -22) + 22 + 4
34
9 + 11 + (-25 - -12) - ((-9 - -30) + -8)
-6
(1 - 49) + -4 + (-10 - -22 - -4)
-36
Evaluate 84 - (-16 - (-64 + -54)).
-18
Calculate 41 + (54 - 2 - 77).
16
What is the value of (-71 + 29 - -32 - -56) + -3?
43
Calculate 26 - (-6 + (10 - (19 - 11)) - (2 - 0)).
32
What is -29 + (-8 - -1 - -2 - (230 - 241))?
-23
Calculate -7 - (57 + 37 + -58).
-43
What is -172 - (86 - 169) - -45?
-44
-3 + -2 + 5 + (-16 - (1 - (-11 + 89)))
61
Evaluate -2 + -2 + -14 + 4437 + -4403.
16
Calculate -208 + 107 - (3 - (13 - (10 - 8))).
-93
Calculate (26 + -10 - 3) + 20 - 13.
20
What is 9 - (72 + (13 - ((-9 - -19) + -3)))?
-69
-33 + (-23 + 13 - 30 - -25)
-48
What is the value of 1 + 1 + -31 + (1 + 21 - 2) + -89?
-98
Calculate 19 + (3 + 14 - 13) + -4 + -2 + -5.
12
Evaluate (-6 - 8) + 10 - (-20 + 5 - 70).
81
Calculate 73 - (-8 - (-17 - -7 - -3 - 1)) - 10.
63
Calculate 95 + -231 + (196 - 97).
-37
Calculate (-14 - 0) + 2 - -3 - (-146 + 150) - 6.
-19
What is the value of -36 + (12 - (-7 + -17)) + -21?
-21
What is (-1 - -5) + -29 + 39 + 16?
30
What is (62 - ((2 - -9) + (16 - 23))) + (-10 - -12)?
60
Evaluate (1 - -3) + -29 + 10 + 7.
-8
Calculate -5 + (-20 - (-75 + 65)).
-15
Evaluate -2 - (-2 + 0 + 13 - (3 + (-14 - 48))).
-72
Evaluate 36 - (-3 + 1) - (-2434 - -2516).
-44
Calculate (16 + 2 - -3) + -14 + -3.
4
What is the value of -28 + (23 - (43 - -17)) + 25?
-40
Evaluate -21 + 17 - (-9 + 10 - -93) - (-1 - 1).
-96
What is 89 - (-180 + 238 + (-1 - 36))?
68
Evaluate -38 + 44 - 62 - -18.
-38
What is (8 - 17 - 1) + (30 - 23) - (2 - 37)?
32
What is the value of (-85 + 1 - -2) + -39 + 76 + (1 - 29)?
-73
-168 - -69 - (5 - (-2 + 11) - (12 + -3))
-86
What is the value of -26 - (42 - (-5 - -117))?
44
What is the value of (6 - 1) + (34 - 33 - -23 - 39)?
-10
Evaluate -34 + -3 - -84 - -16.
63
Calculate -49 - ((50 - 43) + -46).
-10
Calculate 6 - (-78 + (-45 - -13)).
116
What is 0 + 10 + 16 + -20 + -43 + 5 + -2?
-34
What is the value of 7 - (38 - (-5 + -8)) - -62?
18
Evaluate 68 - (101 - (8 + 25)).
0
(-2 - -3 - (-27 + 29)) + -1 + (-45 - 3)
-50
What is 132 + (-85 + 28 - 35)?
40
11 + (7 - (32 + 2 + -22 + 21))
-15
6 + -11 + 9 + 0 + -14 + 3
-7
What is the value of -137 - (-11 + (-212 - -143))?
-57
29 + 0 + (-29 + 17 + 38 + 2 - 19)
38
What is the value of 20 + -28 + -86 + 11 + 15?
-68
(-5 - -14 - 5 - 7 - 76) + 18
-61
Calculate 7 + (8 + -1 - -4 - -11).
29
Evaluate 0 - -73 - (-3 + 0 + (76 - 24 - 51)).
75
What is the value of (2 - -63 - (57 - 70)) + (-22 - -4) + 5?
65
What is -65 + (6 + 14 + -24 - -18)?
-51
Calculate (-26255 - -26352) + -80 + 0.
17
What is -5 + (-26 - (5 + -10)) + 38?
12
-2 + (2 - -34) + 1041 + -1012
63
81 + -70 - (2 + -140 + -16 + 4 + 15)
146
35 + -27 + 14 + 14 - 14
22
Evaluate -14 + -2 + (-4 - 20 - -53) - (-2 + 1).
14
Calculate -26 + (-42 - (-41 + -56)).
29
What is the value of -4 + -12 + (5 - (8 + -4)) + 8 + 53?
46
Calculate 24 - (-530 - -617 - (-1 + -30)).
-94
4 + -1 - (-292 + 211 - -162)
-78
Evaluate -5 + -26 + (28 - -52).
49
18 + 20 + -55 - (-2 + 60 - -6)
-81
Evaluate 14 + -36 - (13 + (12 - 25) + -6).
-16
Calculate (32 - (61 + -24)) + (0 - (4 - (21 + -3))).
9
Calculate (-100 + 91 - (-2 - -7)) + -11 + -38.
-63
What is the value of -2 + -57 - (27 - (-23 + 53))?
-56
Evaluate 2 + (-5 - 0) + 5 + (5 - (4 - 15)).
18
Calculate (2 - (0 - 0)) + (-31 - (-13 - 24)) - 2.
6
0 + -12 + (-8 - (-78 - -97)) + 58
19
Evaluate -5544 + 5546 + 27 + -1 + 2.
30
What is the value of (10 - -3 - (46 - 37)) + 52 + -1 + -1?
54
What is (-32 - 31) + (-65 - -127)?
-1
What is the value of (-1 - -20) + 1434 + -1452 - 18?
-17
Calculate (-43 - (3 - -3 - 17 - (-13 + 3))) + 1.
-41
What is (-6 - (13 + 1) - -10) + 11?
1
Calculate (-111 - (-5 + 3) - -1 - -1) + (-837 - -849).
-95
What is the value of 26 + -24 + (-7 - 13)?
-18
-1 - (-3 + 14) - ((81 - 57) + -32)
-4
Calculate -75 - -40 - ((4 - 3 - -1) + (0 - 9)).
-28
What is -16 - (-176 - -97 - (-2 - -5))?
66
-79 + -34 + 52 + 21
-40
Calculate 23 + -127 + 101 + -90.
-93
What is the value of 125 - (-10 - -80 - 25)?
80
What is 1 + 6 - 4 - (-127 - -105)?
25
Calculate (-4 - -53) + 1 - (-2498 + 2531).
17
What is the value of 1 + 18 + (-10 - -18) + 1 + 3?
31
(-12 + 7 - -10) + -49 + 36 + (26 - 1)
17
Evaluate 53 + -38 + 5 + -51.
-31
Evaluate (23 - 34) + 5 - (20 + (-4 - -4) + -4).
-22
What is the value of (40 - 26) + (0 - -46 - (75 - 83))?
68
Evaluate 30 - (26 + 3) - -18.
19
What is the value of (-5 + -9 - -7) + -10 - (-176 + 162)?
-3
What is the value of (0 - (1 + -2)) + (141 - -8 - (-129 + 200))?
79
((25 - 16) + 31 - 10) + -17
13
-28 - -44 - 49 - (-2 - (-2 - -1))
-32
Calculate 84 + (-145 - -28) - -74.
41
Evaluate 90 - ((11 - 7) + -2) - (21 - -31 - 46).
82
What is 93 + 4 + -286 - -108?
-81
Calculate -1 + 11 - (102 + (61 - 177)).
24
Evaluate 124 + (57 - (1 - 2) - 39).
143
14 - (19 - (5 + (3 - -36)))
39
What is the value of 45 - (-26 - (-18 + -13))?
40
41 - (-13 + 0 + 5 + 19 + -12)
42
60 - (16 - (20 - (51 + -24)))
37
What is the value of -149 + 133 + (-9 - 3) + -17?
-45
81 - (78 + (128 - 232))
107
What is the value of 25 + 9 + 2 + 459 + -455?
40
Calculate -29 + 0 + -695 + 743 + (0 - -1 - -6).
26
What is the value of 10 + (35 - (-19 + 34)) - -3?
33
Calculate (75 - 21) + 19 + -30.
43
Calculate (0 - 1) + -43 - (-102 + 63 + 55 + -26).
-34
Calculate -2 + -11 + 3 + 16 + (-36 - -11).
-19
Calculate (269 - 333) + -1 + 47.
-18
Calculate 40 + (-132 - (-28 - -53)) - ((1 - 1) + 5).
-122
-42 + 50 - (29 + 0) - -29
8
Evaluate 68 + -308 + 227 - (-80 + 1).
66
Calculate (-4 - 38) + 10 + -5 + -1 + (13 - 4).
-29
Calculate 9 + -102 + 90 + 1 + 7 - (-10 - -2).
13
87 + (23 - 10) + 10 + -31 + (-7 - -1)
73
What is the value of -22950 + 22963 + 1 + 69?
83
Evaluate (-42 - ((17 - -16) + -94)) + 110.
129
Calculate -4 + -6 + -1 + (13 - -60).
62
What is the value of (-4 + 80 - 1) + (-61 - 3) + 59?
70
What is the value of (0 - -7) + (-4 - (-13 + -18))?
34
3 + -1 + 5 + (-7 - -23) + 33
56
Calculate 51 - (30 + 23 + -11).
9
Evaluate 4 + -31 + 671 + -699.
-55
Evaluate 18 + -49 - -164 - (-1 + -4 - 4 - -18).
124
Calculate (-2 - 1) + 9 + (74 + -34 - 28).
18
What is (-5 - (-5 + 3)) + -11 + (-60 - -52)?
-22
What is the value of 13 + 13 + -12 - 8 - 1 - 7?
-2
What is the value of (8 - -9) + 4 + -14 + 30?
37
-61 + 100 + -48 + 2
-7
Evaluate -82 + 41 - (-47 - -35) - 13.
-42
Evaluate -3 + -10 - (111 - 115 - (1 - -5)) - 58.
-61
Calculate 11 + 1 + (0 - (-16 + -7)).
35
What is -19 + -6 + -19 - (0 - 16)?
-28
Calculate (9 - (-5 - 31)) + -81.
-36
0 - (0 + 0) - (-3 - -1) - (-2071 + 2060)
13
3 + -11 - (7 + (-8 - 4 - -11))
-14
What is the value of -45 + -44 + 111 + -15?
7
Calculate (7 + -67 - -33) + 25 + (9 - 1).
6
Evaluate 12 + (-80 + (7 - 5) + 8 - 5) + 0.
-63
What is (20 - 8 - (19 + -4)) + 12 + -8 - -3?
4
128 - 146 - (0 - (-1 - -22))
3
10 - (-5 - -11 - (-4 + -3 + 3))
0
What is the value of 0 + -8 + (27 - ((12 - 20) + 13))?
14
Calculate 39 - (74 + -113 + 129).
-51
Evaluate 17 - -31 - 39 - 51.
-42
Evaluate (3 + 0 - (-12 + 4)) + -14 + (-4 - 108).
-115
What is -9 - (32 - -7) - (-244 - -139)?
57
Evaluate -7 + (-9 - -1) + 17 - (5 + 30).
-33
Calculate 253 - 243 - (19 + 0).
-9
(2 - 5) + (29 - 25 - 15) - -53
39
What is (7 - -1 - (-1 + 2)) + (-7 - (-207 + 156))?
51
Evaluate -7 - (50 - -24 - 35).
-46
Calculate -5 + (9 - 9) + (-1 - (13 + -6) - -86).
73
Evaluate -23 + 2 + 7 + -147 + 129.
-32
Calculate 13809 + -13796 + -50 + 1.
